= 56*n - 320. Let r be s(6). Calculate the highest common divisor of 88 and r.
8
Suppose -10*j + 2148 - 508 = 0. Let z = -49 + j. Let f = 87 + -41. Calculate the highest common divisor of f and z.
23
Suppose -7*y + 9 = -4*y. Let n be y/12*(0 - -28). Let r be 2/((-2)/5 - (-108)/245). Calculate the highest common divisor of n and r.
7
Let y = -21 - -37. Suppose 4*h - y = -3*b + 2, -h - 3 = 0. Let a = 14 + b. Calculate the greatest common divisor of a and 6.
6
Let o = 5 - -2. Let v = 85 - 84. Calculate the highest common factor of v and o.
1
Suppose 8*v - 13 - 427 = 0. Suppose 4*g + g = v. Calculate the greatest common factor of g and 11.
11
Suppose 1009 = 12*d - 899. Calculate the highest common factor of 212 and d.
53
Suppose 4*n = -20 + 28. Calculate the greatest common factor of n and 2.
2
Suppose 3*b - q - q - 11 = 0, 4*b + 3*q - 26 = 0. Suppose b*u + 6 = 6*u. Calculate the greatest common divisor of 21 and u.
3
Let b = 613 + -543. Calculate the greatest common factor of 10 and b.
10
Let n(q) = -27*q + 11. Let c be n(-4). Let v be (2 - (-28)/(-12))*15. Let w be 1*(2 - 3*v). What is the highest common divisor of w and c?
17
Let p(o) = 18*o + 33. Let l be p(18). Suppose 0 = 2*f + k - 394, 3*f - 229 = -4*k + l. What is the highest common divisor of 18 and f?
18
Suppose 7*p = 14*p + 1134. Let u = 252 + p. What is the greatest common divisor of 10 and u?
10
Let d = 656 + -548. What is the highest common divisor of 27 and d?
27
Suppose 2*k = 16*i - 14*i, 4*i = -3*k + 21. Calculate the greatest common factor of k and 291.
3
Let d = -2931 + 3126. Suppose -5*z + 61 = -14. What is the greatest common factor of z and d?
15
Suppose 35*l = 30*l + 190. What is the highest common factor of 95 and l?
19
Let q(x) = x**3 + 19*x**2 - 30*x + 9. Let i be (-12)/2*20/6. Let o be q(i). Let h = -20 + 39. What is the highest common divisor of o and h?
19
Let o(t) = 9*t - 19 + 7*t**3 + 9 + 19 + 10*t**2 - 8*t**3. Let u be o(10). Calculate the highest common factor of 11 and u.
11
Let i be ((-6)/4)/((-9)/(-12)). Suppose 3*r - 108 = -3*t, -90 - 21 = -3*t - 4*r. Let a be (i/(-6))/(1/t). Calculate the greatest common factor of 55 and a.
11
Let s be (1925/(-165))/(1/3*-1). What is the greatest common factor of s and 7?
7
Suppose 0 = 4*o + g - 60, 2*g = 2*o + 3*g - 30. Calculate the highest common divisor of o and 115.
5
Suppose -4*t - 8 = 0, -b = -2*t - 387 + 42. What is the greatest common factor of b and 55?
11
Let t be -1 + -1 + (41 - -1). Suppose -4*a = -5*s - a + t, 0 = -s + 5*a + 30. Suppose 11 = s*j - 64. What is the highest common divisor of j and 30?
15
Suppose 3*o - 5*o + 8 = 0. Suppose -o*a - 45 = -9*a. Suppose -a = -5*r - 4*f, 0 = -r - 2*f + 1 + 2. Calculate the greatest common factor of r and 10.
1
Suppose 0 = w + w - 90. Suppose 5*d + 40 + w = 5*f, -43 = -2*f + 5*d. Let a = 4 + 10. What is the greatest common divisor of a and f?
14
Suppose -a - 12 = -21. Let w(q) = q**3 + 6*q**2 + q + 7. Let v be w(-6). Calculate the greatest common divisor of a and v.
1
Suppose 3*l + 5*u = 153, -8*u + 4*u + 255 = 5*l. Let t = 94 - l. Let w = 94 - t. What is the greatest common divisor of 34 and w?
17
Let y(p) = 27*p**2 + 2*p. Let u be -4 + ((-3)/1 - -5). Let r be y(u). What is the greatest common factor of r and 26?
26
Let i(l) = -l**2 + 3*l + 38. Let k be (-1)/(-6) - (-3)/(-18). Let y be i(k). Calculate the greatest common factor of y and 19.
19
Suppose 0 = 2*g - 6, 3*q = -3*g - 27 + 90. Let p be (-8000)/45 + (-2)/9. Let l = p - -304. What is the greatest common factor of l and q?
18
Let b = 1358 - 1320. Calculate the greatest common factor of 1083 and b.
19
Suppose -4*s - 6*s + 2480 = 0. Calculate the greatest common divisor of 31 and s.
31
Suppose -k - 11*c = -6*c - 30, -4*c + 20 = 0. Suppose 3*h - 38 - 64 = -u, -2*h - 442 = -5*u. What is the greatest common divisor of k and u?
5
Suppose -113 = 2*p - 441. Let n be (-3)/(-2)*p/(-24)*-4. What is the greatest common factor of n and 287?
41
Suppose 115 = -5*t + 540. Calculate the greatest common factor of 5 and t.
5
Let x be 72*(20/6)/((-96)/(-36)). Calculate the greatest common divisor of x and 72.
18
Let n(c) = 5*c**2 + 45*c - 40. Let w be n(-13). Calculate the greatest common divisor of w and 352.
44
Let v(c) = -c**2 + c + 12. Let l be v(6). Let m = 20 + l. Suppose -y + 0*o + 9 = -4*o, y - 3 = -m*o. Calculate the greatest common divisor of 45 and y.
5
Suppose 66 = -25*f + 27*f. What is the highest common factor of f and 429?
33
Suppose -h + 864 = 4*f + f, -f = 2*h - 180. Let p be (-10)/(-15) + 254/6. What is the greatest common divisor of f and p?
43
Let v(r) = -r**2 - 4*r - 4. Let a be v(-6). Let x = a + 28. Let l = -94 - -130. What is the highest common divisor of x and l?
12
Let k(d) = 168*d**3 - 1. Let u be k(1). Let v = u + -115. Suppose l - 5*l + v = 0. Calculate the highest common factor of l and 13.
13
Let u(d) = 16*d + 152. Let m be u(-5). What is the greatest common factor of m and 27?
9
Suppose -13 = b - 18, 2*b = -g + 2558. Calculate the highest common divisor of 26 and g.
26
Suppose 3*r - 71 - 7 = 0. Let d(k) = k**3 + 10*k**2 - 4*k - 13. Let j be d(-9). What is the highest common divisor of j and r?
26
Let x(y) = 552*y - 19. Let j be x(1). Calculate the greatest common factor of 26 and j.
13
Suppose -12 + 6 = -l. Calculate the greatest common factor of l and 18.
6
Let a(s) = 1 + 8*s + 8*s - 17*s. Let t be a(-4). Suppose 0 = -t*d + 5*k + 450, 4*k = d - 2*d + 115. What is the highest common divisor of d and 38?
19
Let q be 24/(-9)*(1 + -19). Suppose q = -6*t + 8*t. What is the highest common factor of t and 8?
8
Let z(k) = -1609*k + 9666. Let s be z(6). Suppose -2*i + 118 + 434 = 0. What is the highest common factor of i and s?
12
Let p(j) = 5*j**3 + 3*j**2 - 4*j + 6. Let f be p(2). Suppose -f*l = -48*l - 10. What is the highest common divisor of l and 40?
5
Let h = 183 - 159. What is the greatest common factor of h and 16?
8
Suppose -4*c = 15 - 67. Suppose -4*l + c = 1. Suppose -l*d + 8 = -46. What is the greatest common divisor of 54 and d?
18
Let f = -123 - -144. What is the greatest common factor of f and 546?
21
Let n(x) = x**3 - 4*x**2 - 12*x - 8. Let j be n(6). Let o be 121/2 + 0 - (-4)/j. What is the highest common divisor of 15 and o?
15
Suppose 0 = -p - 12 + 14, 3*p = -3*g + 102. Let w = -8 + 16. What is the highest common factor of w and g?
8
Let j be 2/(-14) - (1270/(-70) - 5). Calculate the highest common factor of j and 736.
23
Let k(o) = -107*o + 861. Let v be k(8). Calculate the highest common divisor of 40 and v.
5
Suppose 0 = -4*j + 127 - 3. Let i be ((-1)/2)/((-30)/20)*93. Let o be (-3 - (0 + -4))*i. Calculate the greatest common divisor of o and j.
31
Let v(a) = 4*a**2 + 10*a + 16. Let m be v(-2). Calculate the highest common factor of 708 and m.
12
Let p be (-1)/((-10)/588) + 56/(-70). What is the highest common factor of 29 and p?
29
Suppose 140 = 3*z + 2*z. Suppose 0 = -2*w + 153 - 139. What is the highest common divisor of z and w?
7
Suppose c + 0*c - 28 = 0. Suppose -4*h + 2 + 10 = 0. Suppose 3*i - 604 = -5*y + y, -572 = -h*i + 4*y. Calculate the greatest common divisor of c and i.
28
Let y(m) = -45*m. Let l(g) = g + 1. Let o(i) = l(i) + y(i). Let b be o(2). Let d be b/(-9) - (-8)/(-12). Calculate the greatest common factor of 27 and d.
9
Suppose 25*y - 1200 = 17*y. What is the greatest common divisor of 60 and y?
30
Suppose -3*c - 5 = -2*z + 5, -4*c + 2*z = 10. Let n(y) = y**3 + 60. Let o be n(c). Let l be (13/26)/(1/48). What is the highest common factor of o and l?
12
Let x = 62 - 45. Let l(z) = z**3 - 17*z**2 + z - 10. Let v be l(x). Suppose 2*k + 3 - 17 = 0. Calculate the greatest common divisor of v and k.
7
Suppose 2*d = -0*d - 64. Let o = d + 60. Let t = o + -16. Calculate the greatest common factor of 30 and t.
6
Let n(w) = 6*w**2 - 21*w + 27. Let r be n(5). Calculate the highest common factor of r and 30.
6
Suppose 17*a - 57 = 130. Calculate the greatest common divisor of 440 and a.
11
Suppose -88*r = -82*r - 3420. What is the highest common divisor of 30 and r?
30
Let u = 821 - 783. What is the highest common factor of 2432 and u?
38
Suppose -2*t = 4*t + 54. Let j be 1*25 + 9/t. Let x = j - 5. Calculate the greatest common divisor of 171 and x.
19
Suppose 3*h - 3*x = -6, -